*j + 287. Suppose -4*m + j = -3*n, -9 = 2*n + 1. What is the tens digit of m?
8
Suppose -11*k + 2*s + 694 = -6*k, -5*k + 3*s + 691 = 0. What is the units digit of k?
0
Let z(v) = -v**2 - 20*v - 16. Let o be z(-19). Let b be (15/6 + o)*2. What is the units digit of (-2)/b + (-963)/(-33)?
9
Suppose 0 = 11*k - 948 - 1263. Let x = -112 + k. What is the tens digit of x?
8
What is the hundreds digit of 6/21*(-42)/18*-165?
1
Let b(i) = 65*i + 5. What is the thousands digit of b(27)?
1
Let k(i) = 33*i - 57. What is the tens digit of k(8)?
0
Let u(w) = -14*w**3 + 14*w**2 - 8*w - 1. What is the thousands digit of u(-5)?
2
Let w(g) = g**3 - g**2 + 4*g + 410. What is the hundreds digit of w(0)?
4
Let o = -500 + 503. Let n(h) be the first derivative of 12*h**2 - 3*h + 1. What is the tens digit of n(o)?
6
Let a(r) = 23*r - 9. Let i be a(-4). Let b = -56 - i. What is the tens digit of b?
4
Let w = 165 - 67. Suppose 3*y - 67 - w = 0. What is the units digit of y?
5
Let f = -280 + 621. What is the hundreds digit of f?
3
Let b = 12 + -6. Suppose s + 110 = b*s. Let z = -12 + s. What is the units digit of z?
0
Let j = -1440 + 2090. What is the hundreds digit of j?
6
Let b = -2757 + 5280. What is the thousands digit of b?
2
Suppose 2*y - g = -226, 0*y - 4*g - 113 = y. Let p = -190 - y. Let r = -44 - p. What is the tens digit of r?
3
Suppose 0 = 3*c - 2016 + 291. What is the tens digit of c?
7
What is the hundreds digit of (-554)/(-2)*(-26)/(12 - 25)?
5
Suppose -5*z - 12*t = -16*t - 2833, -2*z = 3*t - 1124. What is the hundreds digit of z?
5
Suppose -132*u - 17838 = -138*u. What is the thousands digit of u?
2
Suppose -5*i + 133 = -4*c, 3*i + 3*c - 100 = -4. Let l = 43 + i. Suppose 4 = 4*d, -2*a + 0*d + l = 2*d. What is the units digit of a?
5
Suppose -15*u = -19*u + 12. Suppose 8*l + 8 = -3*x + u*l, l = -4. Suppose 84 - 8 = x*c. What is the units digit of c?
9
Let d(s) = 7*s + 3*s**2 - 31*s - 27 - 4*s**2. What is the tens digit of d(-21)?
3
Let o(a) = -a**3 + 2*a**2 + 9*a. Let d be o(-4). Suppose 3*k = k + d. What is the units digit of k?
0
Let n(k) = -49*k - 1. Let s(h) = -48*h - 1. Let f(p) = -3*n(p) + 2*s(p). What is the tens digit of f(1)?
5
Suppose -5*o = -4*r - 7, 2*r - 10 = -4*o + 6. Suppose 0 = 5*t + 2 - 7, 3*a - 3*t = o. Suppose -2*v - v = -q + 5, 5*q - a*v = 12. What is the units digit of q?
2
Let v = 287 + 709. What is the hundreds digit of v?
9
Let w = 52 - 50. Suppose y = 5*p - w, 0 = 4*y - 0*y - 3*p - 60. What is the tens digit of y?
1
Let r(f) = -f**3 - 5*f**2 + 6*f + 1. Let l be r(-6). Let u be (-1)/(-2)*-6 + 9. What is the units digit of u/l*(-6)/(-4)?
9
Let c(q) = q**3 - 16*q**2 + 8*q - 75. What is the units digit of c(19)?
0
Let u(d) = -2*d**2 - 4*d - 3. Let q be u(-2). Let b(g) = -44*g + 3. Let w(m) = -131*m + 8. Let p(r) = q*w(r) + 8*b(r). What is the units digit of p(1)?
1
Let o(r) be the third derivative of r**4/24 + r**3/2 + 5*r**2. Let a be o(1). Suppose -4*s + 212 = -a*x + 2*x, 0 = 2*x + 4. What is the tens digit of s?
5
What is the units digit of 360 - (-24)/(-4) - 4?
0
Suppose 0 = 2*a + 2*a. Suppose 3*h - 4 - 2 = a. Suppose h*n + 4*s = 54, -n - 56 = -3*n - 2*s. What is the units digit of n?
9
Suppose -4*p + 10 = 26. Let z(u) = u**3 + 4*u**2 - 4*u + 4. Let c be z(p). Suppose -r + 3*r - c = 0. What is the units digit of r?
0
Suppose -4*v + 1663 = -a - 754, 0 = 5*a + 5. What is the units digit of v?
4
Suppose 0 = 3*g - v - 1715, -5*g + 9*g = -3*v + 2265. What is the units digit of g?
0
Let k = 31 - 36. What is the units digit of -4 - (-46 - (-3 - k))?
4
Let t = -83 - -81. Let x(g) = -92*g + 8. What is the units digit of x(t)?
2
Let y(q) be the third derivative of 31*q**6/60 - q**5/30 + q**4/24 - q**3/6 - 12*q**2. What is the tens digit of y(1)?
6
Suppose 4*f - 4*o + 720 = 0, -f - 3*o + 0*o - 196 = 0. What is the units digit of (5/10)/((-2)/f)?
6
Suppose 8*i = 23*i - 4785. What is the hundreds digit of i?
3
Let w = 3 - -12. Let h be (-4)/10 + (-9)/w. Let k(y) = 30*y**2 - 1. What is the units digit of k(h)?
9
Let k be (-332)/(-6) + 1/(-3 + 0). Suppose -3*b + k = -299. What is the units digit of b?
8
Let u be (3 - -43) + 3/3. Let t be 2 + -1 + u + 1. Suppose 2*d - t = d + 2*n, -5*d = -2*n - 221. What is the units digit of d?
3
Suppose -3*l = -0*l. Suppose x + 3*b + 35 = l, -3*x = 5*b - 2*b + 75. What is the units digit of (49/2)/((-10)/x)?
9
Suppose 1 - 29 = -4*h. Suppose -h*c - 180 = -614. What is the units digit of c?
2
Let x = 6 - 4. Suppose -x*f - 2 = -0*f. What is the units digit of 780/48 - f/(-4)?
6
Let d(z) be the first derivative of -z**2 - 10*z - 17. Suppose -4*q - 27 = -q. What is the units digit of d(q)?
8
Suppose -7554 + 2703 = -9*m. What is the tens digit of m?
3
Suppose 5*f + 2*u - 4510 + 811 = 0, 4*f = -2*u + 2958. What is the tens digit of f?
4
Let i = 2 + 1. Suppose 3*h - 2*n = i*n + 103, -107 = -3*h + n. Suppose 8*l = h - 4. What is the units digit of l?
4
Let m be (-12)/(-4 - 0) - -1. Let n = m - -90. What is the units digit of n?
4
Let d(n) = -2*n**3 + 5*n**2 - 6*n - 36. What is the hundreds digit of d(-5)?
3
Suppose -2209 = 18*k - 9787. What is the tens digit of k?
2
Let z = 2342 - 866. What is the tens digit of z?
7
Let w(p) = p**3 + 13*p**2 - 18*p + 14. What is the units digit of w(-14)?
0
Let a(o) = -47*o + 1. Let x(u) = 23*u. Let r(d) = 4*a(d) + 9*x(d). What is the units digit of r(4)?
0
Suppose 405 = m + 5*a, 15*m + 2140 = 20*m + 2*a. What is the hundreds digit of m?
4
Let s(m) = -m**3 - 5*m**2 - 6*m - 3. Let o be s(-4). Let w(q) = 7 - o*q + 0 - 8. What is the units digit of w(-1)?
4
Suppose 2*y + 20*c - 1706 = 16*c, -3*y = c - 2554. What is the hundreds digit of y?
8
Let d = -17 - -44. What is the tens digit of d?
2
Let i(z) be the third derivative of -z**5/60 + 5*z**4/12 + 16*z**3/3 + 22*z**2. What is the tens digit of i(8)?
4
Let b(t) = 7*t + 6. Let y(d) = -6*d - 5. Let z(s) = -4*b(s) - 5*y(s). Let a be z(-1). Let l = 29 + a. What is the tens digit of l?
2
Let o(g) = 2*g**2 + 84*g - 47. What is the tens digit of o(35)?
4
Suppose -2*r + 7*r + 5*y = 505, 0 = 2*r + 3*y - 206. What is the tens digit of r?
9
Let i be 2/(3/(-6)*-2). Let x be -2 + i + 0 + -9. Let c = x + 19. What is the tens digit of c?
1
Let s(j) = -1. Let x(z) = -z**2 + 8*z - 5. Let o(m) = -2*s(m) + x(m). Suppose i = 4*y - 22, -5*y - i + 22 = -5*i. What is the units digit of o(y)?
9
Let k(h) = 54*h - 38*h - 26*h - 20. Let t be k(-5). What is the units digit of t/(-105) - 424/(-14)?
0
Let t = -30 - -56. Let a = t + 11. What is the units digit of a?
7
Let d(a) = -10*a**2 - 34*a - 1. Let i(c) = -20*c**2 - 69*c - 2. Let t(b) = -5*d(b) + 2*i(b). What is the hundreds digit of t(-7)?
2
Suppose 3*q + 1306 = 6*q + 2*v, 3*v - 1305 = -3*q. What is the tens digit of q?
3
Let p be (-38)/((-2)/4 + 0). Suppose 18*b = 20*b + 22. Let w = b + p. What is the tens digit of w?
6
Suppose -2*l + 308 = 4*n, -3*l + 2*n - 226 = -696. What is the hundreds digit of l?
1
Let m be (-3)/2*6/(-9). Let x be -3*m/1 + 3. Suppose s - 5*b - 24 = 0, x = s + 3*s - b - 134. What is the tens digit of s?
3
Suppose 53*g = 87*g - 78336. What is the units digit of g?
4
Let l(m) = -185*m + 175. What is the tens digit of l(-5)?
0
What is the units digit of 5054/(-4)*(-2100)/1225?
6
Let k(g) = -138*g + 19. What is the tens digit of k(-3)?
3
Suppose 19*i - 5845 + 297 = 0. What is the units digit of i?
2
What is the hundreds digit of ((-13)/(-39))/((-1)/(-3561))?
1
What is the tens digit of -4 + 921 + (4 - 4)?
1
Let i be 2/(3/(21/2)). Suppose -5*t + i*t = 140. What is the units digit of t?
0
Suppose 0 = -f - 2*k + 17, 4*k + 7 + 5 = 0. Suppose -f*y = -26*y + 237. What is the tens digit of y?
7
Let q(f) = 42*f**2 - 28*f + 93. What is the units digit of q(9)?
3
Let t(x) = -x + 1. Let k(d) = 2*d - 2. Let n(s) = 6*k(s) + 13*t(s). Let z(u) = -24*u - 6. Let a(r) = -3*n(r) - z(r). What is the units digit of a(2)?
7
Let z = 85 + -85. Let w(b) be the first derivative of b**2/2 + 23*b - 2. What is the tens digit of w(z)?
2
Let f(x) = -x**2 - 7*x + 2. Let m be f(-7). Let b be -4 + m + -1 + 8. Suppose b*p = 8*p - 150. What is the units digit of p?
0
Let x = -175 + 958. What is the hundreds digit of x?
7
Let u = 4 - 2. Suppose g - 179 = -5*k, g - u*k + 987 = 6*g. What is the tens digit of g?
9
Let i = 151 - -3